{"id":20,"date":"2020-05-04T12:18:23","date_gmt":"2020-05-04T12:18:23","guid":{"rendered":"http:\/\/florastrosytarot.com\/terciarias\/?page_id=20"},"modified":"2020-12-28T17:10:22","modified_gmt":"2020-12-28T17:10:22","slug":"xxii-capitulo-general","status":"publish","type":"page","link":"https:\/\/www.terciariascapuchinas.org\/fr\/xxii-capitulo-general\/","title":{"rendered":"XXII Cap\u00edtulo General"},"content":{"rendered":"\t\t<div data-elementor-type=\"wp-page\" data-elementor-id=\"20\" class=\"elementor elementor-20\">\n\t\t\t\t\t\t<div class=\"elementor-inner\">\n\t\t\t\t<div class=\"elementor-section-wrap\">\n\t\t\t\t\t\t\t\t\t<section class=\"elementor-section elementor-top-section elementor-element elementor-element-726c420 elementor-section-boxed elementor-section-height-default elementor-section-height-default\" data-id=\"726c420\" data-element_type=\"section\" data-settings=\"{&quot;background_background&quot;:&quot;classic&quot;}\">\n\t\t\t\t\t\t<div class=\"elementor-container elementor-column-gap-default\">\n\t\t\t\t\t\t\t<div class=\"elementor-row\">\n\t\t\t\t\t<div class=\"elementor-column elementor-col-100 elementor-top-column elementor-element elementor-element-519ed12c\" data-id=\"519ed12c\" data-element_type=\"column\">\n\t\t\t<div class=\"elementor-column-wrap elementor-element-populated\">\n\t\t\t\t\t\t\t<div class=\"elementor-widget-wrap\">\n\t\t\t\t\t\t<div class=\"elementor-element elementor-element-62b2a301 elementor-align-left elementor-icon-list--layout-traditional elementor-list-item-link-full_width elementor-widget elementor-widget-icon-list\" data-id=\"62b2a301\" data-element_type=\"widget\" data-widget_type=\"icon-list.default\">\n\t\t\t\t<div class=\"elementor-widget-container\">\n\t\t\t\t\t<ul class=\"elementor-icon-list-items\">\n\t\t\t\t\t\t\t<li class=\"elementor-icon-list-item\">\n\t\t\t\t\t\t\t\t\t\t\t<span class=\"elementor-icon-list-icon\">\n\t\t\t\t\t\t\t<i aria-hidden=\"true\" class=\"fas fa-home\"><\/i>\t\t\t\t\t\t<\/span>\n\t\t\t\t\t\t\t\t\t\t<span class=\"elementor-icon-list-text\">XXII Chapitre g\u00e9n\u00e9ral<\/span>\n\t\t\t\t\t\t\t\t\t<\/li>\n\t\t\t\t\t\t<\/ul>\n\t\t\t\t<\/div>\n\t\t\t\t<\/div>\n\t\t\t\t<div class=\"elementor-element elementor-element-6f025c3 elementor-widget elementor-widget-heading\" data-id=\"6f025c3\" data-element_type=\"widget\" data-widget_type=\"heading.default\">\n\t\t\t\t<div class=\"elementor-widget-container\">\n\t\t\t<h2 class=\"elementor-heading-title elementor-size-default\">Le Chapitre g\u00e9n\u00e9ral est pour chaque Congr\u00e9gation le signe de l\u2019unit\u00e9 dans la charit\u00e9. Les S\u0153urs Tertiaires Capucines de la Sainte Famille le c\u00e9l\u00e8brent tous les six ans et celles qui y participent repr\u00e9sentent toutes nos pr\u00e9sences dans le monde. C\u2019est un temps de fraternit\u00e9 et de profonde r\u00e9flexion sur le chemin parcouru par la Congr\u00e9gation durant les six derni\u00e8res ann\u00e9es et de confrontation sur la r\u00e9alit\u00e9 du monde et de l\u2019\u00c9glise pour tracer ensemble des engagements et lignes d\u2019action pour le sexennat qui commence. Pendant le Chapitre les s\u0153urs \u00e9lisent la S\u0153ur Sup\u00e9rieure g\u00e9n\u00e9rale et son Conseil qui accompagneront la Congr\u00e9gation jusqu\u2019au prochain Chapitre.<\/h2>\t\t<\/div>\n\t\t\t\t<\/div>\n\t\t\t\t<div class=\"elementor-element elementor-element-e9b8e6b elementor-widget elementor-widget-image\" data-id=\"e9b8e6b\" data-element_type=\"widget\" data-widget_type=\"image.default\">\n\t\t\t\t<div class=\"elementor-widget-container\">\n\t\t\t\t\t\t\t\t<div class=\"elementor-image\">\n\t\t\t\t\t\t\t\t\t\t\t\t<img width=\"2276\" height=\"1587\" src=\"https:\/\/www.terciariascapuchinas.org\/fr\/wp-content\/uploads\/2020\/12\/68.1-XXII-Capi\u0301tulo-general-importante-.jpg\" class=\"attachment-full size-full\" alt=\"\" loading=\"lazy\" srcset=\"https:\/\/www.terciariascapuchinas.org\/fr\/wp-content\/uploads\/2020\/12\/68.1-XXII-Capi\u0301tulo-general-importante-.jpg 2276w, https:\/\/www.terciariascapuchinas.org\/fr\/wp-content\/uploads\/2020\/12\/68.1-XXII-Capi\u0301tulo-general-importante--300x209.jpg 300w, https:\/\/www.terciariascapuchinas.org\/fr\/wp-content\/uploads\/2020\/12\/68.1-XXII-Capi\u0301tulo-general-importante--1024x714.jpg 1024w, https:\/\/www.terciariascapuchinas.org\/fr\/wp-content\/uploads\/2020\/12\/68.1-XXII-Capi\u0301tulo-general-importante--768x536.jpg 768w, https:\/\/www.terciariascapuchinas.org\/fr\/wp-content\/uploads\/2020\/12\/68.1-XXII-Capi\u0301tulo-general-importante--1536x1071.jpg 1536w, https:\/\/www.terciariascapuchinas.org\/fr\/wp-content\/uploads\/2020\/12\/68.1-XXII-Capi\u0301tulo-general-importante--2048x1428.jpg 2048w, https:\/\/www.terciariascapuchinas.org\/fr\/wp-content\/uploads\/2020\/12\/68.1-XXII-Capi\u0301tulo-general-importante--1200x837.jpg 1200w, https:\/\/www.terciariascapuchinas.org\/fr\/wp-content\/uploads\/2020\/12\/68.1-XXII-Capi\u0301tulo-general-importante--1980x1381.jpg 1980w\" sizes=\"(max-width: 2276px) 100vw, 2276px\" \/>\t\t\t\t\t\t\t\t\t\t\t\t\t\t<\/div>\n\t\t\t\t\t\t<\/div>\n\t\t\t\t<\/div>\n\t\t\t\t<div class=\"elementor-element elementor-element-c3f3320 elementor-widget elementor-widget-heading\" data-id=\"c3f3320\" data-element_type=\"widget\" data-widget_type=\"heading.default\">\n\t\t\t\t<div class=\"elementor-widget-container\">\n\t\t\t<h2 class=\"elementor-heading-title elementor-size-default\">Nous avons c\u00e9l\u00e9br\u00e9 notre dernier Chapitre g\u00e9n\u00e9ral en 2016 et dans le Document final nous avons repris quatre options qu\u2019il est important de continuer \u00e0 travailler pour renforcer et rendre plus significative notre vie et mission tout au long du sexennat 2016-2022 :<\/h2>\t\t<\/div>\n\t\t\t\t<\/div>\n\t\t\t\t<div class=\"elementor-element elementor-element-9f56eba elementor-icon-list--layout-traditional elementor-list-item-link-full_width elementor-widget elementor-widget-icon-list\" data-id=\"9f56eba\" data-element_type=\"widget\" data-widget_type=\"icon-list.default\">\n\t\t\t\t<div class=\"elementor-widget-container\">\n\t\t\t\t\t<ul class=\"elementor-icon-list-items\">\n\t\t\t\t\t\t\t<li class=\"elementor-icon-list-item\">\n\t\t\t\t\t\t\t\t\t\t\t<span class=\"elementor-icon-list-icon\">\n\t\t\t\t\t\t\t<i aria-hidden=\"true\" class=\"fas fa-arrow-alt-circle-right\"><\/i>\t\t\t\t\t\t<\/span>\n\t\t\t\t\t\t\t\t\t\t<span class=\"elementor-icon-list-text\">Redonner sens au v\u00e9cu de  notre identit\u00e9 charismatique<\/span>\n\t\t\t\t\t\t\t\t\t<\/li>\n\t\t\t\t\t\t\t\t<li class=\"elementor-icon-list-item\">\n\t\t\t\t\t\t\t\t\t\t\t<span class=\"elementor-icon-list-icon\">\n\t\t\t\t\t\t\t<i aria-hidden=\"true\" class=\"fas fa-arrow-alt-circle-right\"><\/i>\t\t\t\t\t\t<\/span>\n\t\t\t\t\t\t\t\t\t\t<span class=\"elementor-icon-list-text\">Revitaliser la formation centr\u00e9e sur J\u00e9sus-Christ, personnalis\u00e9e et ins\u00e9r\u00e9e dans la culture<\/span>\n\t\t\t\t\t\t\t\t\t<\/li>\n\t\t\t\t\t\t\t\t<li class=\"elementor-icon-list-item\">\n\t\t\t\t\t\t\t\t\t\t\t<span class=\"elementor-icon-list-icon\">\n\t\t\t\t\t\t\t<i aria-hidden=\"true\" class=\"fas fa-arrow-alt-circle-right\"><\/i>\t\t\t\t\t\t<\/span>\n\t\t\t\t\t\t\t\t\t\t<span class=\"elementor-icon-list-text\">Assumer la restructuration dans son \u00e9tape de croissance et transformation<\/span>\n\t\t\t\t\t\t\t\t\t<\/li>\n\t\t\t\t\t\t\t\t<li class=\"elementor-icon-list-item\">\n\t\t\t\t\t\t\t\t\t\t\t<span class=\"elementor-icon-list-icon\">\n\t\t\t\t\t\t\t<i aria-hidden=\"true\" class=\"fas fa-arrow-alt-circle-right\"><\/i>\t\t\t\t\t\t<\/span>\n\t\t\t\t\t\t\t\t\t\t<span class=\"elementor-icon-list-text\">Sauvegarder une \u00e9conomie fraternelle cr\u00e9atrice de liens et engagement solidaire<\/span>\n\t\t\t\t\t\t\t\t\t<\/li>\n\t\t\t\t\t\t<\/ul>\n\t\t\t\t<\/div>\n\t\t\t\t<\/div>\n\t\t\t\t\t\t<\/div>\n\t\t\t\t\t<\/div>\n\t\t<\/div>\n\t\t\t\t\t\t\t\t<\/div>\n\t\t\t\t\t<\/div>\n\t\t<\/section>\n\t\t\t\t\t\t\t\t\t<\/div>\n\t\t\t<\/div>\n\t\t\t\t\t<\/div>\n\t\t","protected":false},"excerpt":{"rendered":"<p>XXII Chapitre g\u00e9n\u00e9ral Le Chapitre g\u00e9n\u00e9ral est pour chaque Congr\u00e9gation le signe de l\u2019unit\u00e9 dans la charit\u00e9. Les S\u0153urs Tertiaires Capucines de la Sainte Famille le c\u00e9l\u00e8brent tous les six ans et celles qui y participent repr\u00e9sentent toutes nos pr\u00e9sences dans le monde. C\u2019est un temps de fraternit\u00e9 et de profonde r\u00e9flexion sur le chemin [&hellip;]<\/p>\n","protected":false},"author":1,"featured_media":0,"parent":0,"menu_order":0,"comment_status":"closed","ping_status":"closed","template":"elementor_header_footer","meta":[],"_links":{"self":[{"href":"https:\/\/www.terciariascapuchinas.org\/fr\/wp-json\/wp\/v2\/pages\/20"}],"collection":[{"href":"https:\/\/www.terciariascapuchinas.org\/fr\/wp-json\/wp\/v2\/pages"}],"about":[{"href":"https:\/\/www.terciariascapuchinas.org\/fr\/wp-json\/wp\/v2\/types\/page"}],"author":[{"embeddable":true,"href":"https:\/\/www.terciariascapuchinas.org\/fr\/wp-json\/wp\/v2\/users\/1"}],"replies":[{"embeddable":true,"href":"https:\/\/www.terciariascapuchinas.org\/fr\/wp-json\/wp\/v2\/comments?post=20"}],"version-history":[{"count":33,"href":"https:\/\/www.terciariascapuchinas.org\/fr\/wp-json\/wp\/v2\/pages\/20\/revisions"}],"predecessor-version":[{"id":4378,"href":"https:\/\/www.terciariascapuchinas.org\/fr\/wp-json\/wp\/v2\/pages\/20\/revisions\/4378"}],"wp:attachment":[{"href":"https:\/\/www.terciariascapuchinas.org\/fr\/wp-json\/wp\/v2\/media?parent=20"}],"curies":[{"name":"wp","href":"https:\/\/api.w.org\/{rel}","templated":true}]}}

XXII Capítulo General

<div data-elementor-type="wp-page" data-elementor-id="20" class="elementor elementor-20">
						<div class="elementor-inner">
				<div class="elementor-section-wrap">
									<section class="elementor-section elementor-top-section elementor-element elementor-element-726c420 elementor-section-boxed elementor-section-height-default elementor-section-height-default" data-id="726c420" data-element_type="section" data-settings="{&quot;background_background&quot;:&quot;classic&quot;}">
						<div class="elementor-container elementor-column-gap-default">
							<div class="elementor-row">
					<div class="elementor-column elementor-col-100 elementor-top-column elementor-element elementor-element-519ed12c" data-id="519ed12c" data-element_type="column">
			<div class="elementor-column-wrap elementor-element-populated">
							<div class="elementor-widget-wrap">
						<div class="elementor-element elementor-element-62b2a301 elementor-align-left elementor-icon-list--layout-traditional elementor-list-item-link-full_width elementor-widget elementor-widget-icon-list" data-id="62b2a301" data-element_type="widget" data-widget_type="icon-list.default">
				<div class="elementor-widget-container">
					<ul class="elementor-icon-list-items">
							<li class="elementor-icon-list-item">
											<span class="elementor-icon-list-icon">
							<i aria-hidden="true" class="fas fa-home"></i>						</span>
										<span class="elementor-icon-list-text">XXII Chapitre général</span>
									</li>
						</ul>
				</div>
				</div>
				<div class="elementor-element elementor-element-6f025c3 elementor-widget elementor-widget-heading" data-id="6f025c3" data-element_type="widget" data-widget_type="heading.default">
				<div class="elementor-widget-container">
			<h2 class="elementor-heading-title elementor-size-default">Le Chapitre général est pour chaque Congrégation le signe de l’unité dans la charité. Les Sœurs Tertiaires Capucines de la Sainte Famille le célèbrent tous les six ans et celles qui y participent représentent toutes nos présences dans le monde. C’est un temps de fraternité et de profonde réflexion sur le chemin parcouru par la Congrégation durant les six dernières années et de confrontation sur la réalité du monde et de l’Église pour tracer ensemble des engagements et lignes d’action pour le sexennat qui commence. Pendant le Chapitre les sœurs élisent la Sœur Supérieure générale et son Conseil qui accompagneront la Congrégation jusqu’au prochain Chapitre.</h2>		</div>
				</div>
				<div class="elementor-element elementor-element-e9b8e6b elementor-widget elementor-widget-image" data-id="e9b8e6b" data-element_type="widget" data-widget_type="image.default">
				<div class="elementor-widget-container">
								<div class="elementor-image">
												<img width="2276" height="1587" src="https://www.terciariascapuchinas.org/fr/wp-content/uploads/2020/12/68.1-XXII-Capítulo-general-importante-.jpg" class="attachment-full size-full" alt="" loading="lazy" srcset="https://www.terciariascapuchinas.org/fr/wp-content/uploads/2020/12/68.1-XXII-Capítulo-general-importante-.jpg 2276w, https://www.terciariascapuchinas.org/fr/wp-content/uploads/2020/12/68.1-XXII-Capítulo-general-importante--300x209.jpg 300w, https://www.terciariascapuchinas.org/fr/wp-content/uploads/2020/12/68.1-XXII-Capítulo-general-importante--1024x714.jpg 1024w, https://www.terciariascapuchinas.org/fr/wp-content/uploads/2020/12/68.1-XXII-Capítulo-general-importante--768x536.jpg 768w, https://www.terciariascapuchinas.org/fr/wp-content/uploads/2020/12/68.1-XXII-Capítulo-general-importante--1536x1071.jpg 1536w, https://www.terciariascapuchinas.org/fr/wp-content/uploads/2020/12/68.1-XXII-Capítulo-general-importante--2048x1428.jpg 2048w, https://www.terciariascapuchinas.org/fr/wp-content/uploads/2020/12/68.1-XXII-Capítulo-general-importante--1200x837.jpg 1200w, https://www.terciariascapuchinas.org/fr/wp-content/uploads/2020/12/68.1-XXII-Capítulo-general-importante--1980x1381.jpg 1980w" sizes="(max-width: 2276px) 100vw, 2276px" />														</div>
						</div>
				</div>
				<div class="elementor-element elementor-element-c3f3320 elementor-widget elementor-widget-heading" data-id="c3f3320" data-element_type="widget" data-widget_type="heading.default">
				<div class="elementor-widget-container">
			<h2 class="elementor-heading-title elementor-size-default">Nous avons célébré notre dernier Chapitre général en 2016 et dans le Document final nous avons repris quatre options qu’il est important de continuer à travailler pour renforcer et rendre plus significative notre vie et mission tout au long du sexennat 2016-2022 :</h2>		</div>
				</div>
				<div class="elementor-element elementor-element-9f56eba elementor-icon-list--layout-traditional elementor-list-item-link-full_width elementor-widget elementor-widget-icon-list" data-id="9f56eba" data-element_type="widget" data-widget_type="icon-list.default">
				<div class="elementor-widget-container">
					<ul class="elementor-icon-list-items">
							<li class="elementor-icon-list-item">
											<span class="elementor-icon-list-icon">
							<i aria-hidden="true" class="fas fa-arrow-alt-circle-right"></i>						</span>
										<span class="elementor-icon-list-text">Redonner sens au vécu de  notre identité charismatique</span>
									</li>
								<li class="elementor-icon-list-item">
											<span class="elementor-icon-list-icon">
							<i aria-hidden="true" class="fas fa-arrow-alt-circle-right"></i>						</span>
										<span class="elementor-icon-list-text">Revitaliser la formation centrée sur Jésus-Christ, personnalisée et insérée dans la culture</span>
									</li>
								<li class="elementor-icon-list-item">
											<span class="elementor-icon-list-icon">
							<i aria-hidden="true" class="fas fa-arrow-alt-circle-right"></i>						</span>
										<span class="elementor-icon-list-text">Assumer la restructuration dans son étape de croissance et transformation</span>
									</li>
								<li class="elementor-icon-list-item">
											<span class="elementor-icon-list-icon">
							<i aria-hidden="true" class="fas fa-arrow-alt-circle-right"></i>						</span>
										<span class="elementor-icon-list-text">Sauvegarder une économie fraternelle créatrice de liens et engagement solidaire</span>
									</li>
						</ul>
				</div>
				</div>
						</div>
					</div>
		</div>
								</div>
					</div>
		</section>
									</div>
			</div>
					</div>

<p>XXII Chapitre général Le Chapitre général est pour chaque Congrégation le signe de l’unité dans la charité. Les Sœurs Tertiaires Capucines de la Sainte Famille le célèbrent tous les six ans et celles qui y participent représentent toutes nos présences dans le monde. C’est un temps de fraternité et de profonde réflexion sur le chemin [&hellip;]</p>
